{"id":871125299343,"date":"2018-05-05T18:00:43","date_gmt":"2018-05-05T16:00:43","guid":{"rendered":"http:\/\/inforad.net\/produit\/ensemble-de-sangles-6pcs-2\/"},"modified":"2024-11-21T14:35:00","modified_gmt":"2024-11-21T13:35:00","slug":"ensemble-de-sangles-6pcs","status":"publish","type":"product","link":"https:\/\/inforad.net\/?product=ensemble-de-sangles-6pcs","title":{"rendered":"Ensemble de sangles 6pcs pour Dunlop"},"content":{"rendered":"<p>&nbsp;<\/p>\n<ul>\n<li><span class=\"a-list-item\"> Set de 4\u00a0ceintures Perma paquets. 2\u00a0avec cliquet d&#8217;ancrage et 2\u00a0longues avec crochets en S 5\u00a0m\u00e8tres. <\/span><\/li>\n<li><span class=\"a-list-item\"> Id\u00e9al pour transporter des objets tr\u00e8s rigide comme le bois, mat\u00e9riaux de construction, bateaux, etc&#8230; <\/span><\/li>\n<li><span class=\"a-list-item\"> Fabriqu\u00e9 en polypropyl\u00e8ne avec crochets et cricchetti en acier. Inclus dans la livraison\u202f: 2\u00a0cordes \u00e9lastiques fermapacchi 50\u00a0cm extensible jusqu&#8217;\u00e0 100\u00a0cm. <\/span><\/li>\n<\/ul>\n<p>&nbsp;<\/p>\n<p>&nbsp;<\/p>","protected":false},"excerpt":{"rendered":"<p>Set 4 ceintures Perma paquets. 2 avec cliquet d&#8217;ancrage et 2 crochets en s longues 5 m\u00e8tres.<br \/>\nId\u00e9al pour transporter des objets tr\u00e8s lourds tels que le bois, mat\u00e9riaux de construction, bateaux, etc&#8230;<br \/>\nFabriqu\u00e9es en polypropyl\u00e8ne avec crochets et cricchetti en acier. inclus dans la livraison 2 cordes \u00e9lastiques fermapacchi 50 cm allungabili jusqu&#8217;\u00e0 100 cm.<br \/>\nSp\u00e9cifications du produit\u202f:<br \/>\nMarque\u202f: Dunlop<br \/>\nMat\u00e9riau\u202f: polypropyl\u00e8ne<br \/>\nLargeur de bande\u202f: 2,5 cm<br \/>\nLongueur de la sangle\u202f: 5 m<br \/>\nMaximum force de precompressione\u202f: LC = 127,5 kg (125 daN)<br \/>\nTest\u00e9 selon DIN EN 12195 &#8211; 2<br \/>\nLongueur totale elast. tensionamento sangles 50 cm\/100 cm<br \/>\nContenu de la livraison\u202f:<br \/>\n2 x sangles avec cliquet d&#8217;ancrage, 5 m<br \/>\n2 x sangles avec crochet en S pour bagages, 100 cm<br \/>\n2 x Courroie de bagages, 50 cm<\/p>\n<p>Dimensions 2 x 25 x 5000 mm Poids env. 1.416 KG<\/p>\n","protected":false},"featured_media":871125299813,"template":"","meta":[],"product_brand":[],"product_cat":[86,108,107],"product_tag":[101,110,104],"class_list":{"0":"post-871125299343","1":"product","2":"type-product","3":"status-publish","4":"has-post-thumbnail","6":"product_cat-accessories","7":"product_cat-non-classe","8":"product_cat-uncategorized","9":"product_tag-3pp","10":"product_tag-dunlop","11":"product_tag-promo","12":"product_shipping_class-gls-only","14":"first","15":"instock","16":"sale","17":"taxable","18":"shipping-taxable","19":"purchasable","20":"product-type-simple"},"_links":{"self":[{"href":"https:\/\/inforad.net\/index.php?rest_route=\/wp\/v2\/product\/871125299343","targetHints":{"allow":["GET"]}}],"collection":[{"href":"https:\/\/inforad.net\/index.php?rest_route=\/wp\/v2\/product"}],"about":[{"href":"https:\/\/inforad.net\/index.php?rest_route=\/wp\/v2\/types\/product"}],"wp:featuredmedia":[{"embeddable":true,"href":"https:\/\/inforad.net\/index.php?rest_route=\/wp\/v2\/media\/871125299813"}],"wp:attachment":[{"href":"https:\/\/inforad.net\/index.php?rest_route=%2Fwp%2Fv2%2Fmedia&parent=871125299343"}],"wp:term":[{"taxonomy":"product_brand","embeddable":true,"href":"https:\/\/inforad.net\/index.php?rest_route=%2Fwp%2Fv2%2Fproduct_brand&post=871125299343"},{"taxonomy":"product_cat","embeddable":true,"href":"https:\/\/inforad.net\/index.php?rest_route=%2Fwp%2Fv2%2Fproduct_cat&post=871125299343"},{"taxonomy":"product_tag","embeddable":true,"href":"https:\/\/inforad.net\/index.php?rest_route=%2Fwp%2Fv2%2Fproduct_tag&post=871125299343"}],"curies":[{"name":"wp","href":"https:\/\/api.w.org\/{rel}","templated":true}]}}