{"id":871125299980,"date":"2018-06-15T16:51:13","date_gmt":"2018-06-15T14:51:13","guid":{"rendered":"https:\/\/inforad.net\/?post_type=product&#038;p=871125299980"},"modified":"2026-05-04T09:47:41","modified_gmt":"2026-05-04T07:47:41","slug":"manometre-digital-dunlop","status":"publish","type":"product","link":"https:\/\/inforad.net\/?product=manometre-digital-dunlop","title":{"rendered":"Manom\u00e8tre digital Dunlop"},"content":{"rendered":"<p><strong><u>Caract\u00e9ristiques du Manom\u00e8tre digital Dunlop<\/u><\/strong><\/p>\n<ul>\n<li><em>Affiche la pression des pneus en bar, psi, kPa ou kg\/cm\u00b3.<\/em><\/li>\n<li><em>Alimentation : 2 piles bouton au lithium CR2032<\/em><\/li>\n<li><em>Con\u00e7u pour auto, camion, moto etc.<\/em><\/li>\n<li><em>Dimensions produit, hauteur : 15 mm<\/em><\/li>\n<li><em>Dimensions produit, largeur : 40 mm<\/em><\/li>\n<li><em>Dimensions produit, longueur : 140 mm<\/em><\/li>\n<li><em>Gamme de mesure (pression de l&#8217;air) : 0 jusqu&#8217; \u00e0 10 bar<\/em><\/li>\n<\/ul>\n<p><em>Mod\u00e8le : Pression atmosph\u00e9rique<\/em><\/p>","protected":false},"excerpt":{"rendered":"<p><strong><u>Caract\u00e9ristiques du Manom\u00e8tre digital Dunlop<\/u><\/strong><\/p>\n<ul>\n<li><em>Affiche la pression des pneus en bar, psi, kPa ou kg\/cm\u00b3.<\/em><\/li>\n<li><em>Alimentation : 2 piles bouton au lithium CR2032<\/em><\/li>\n<li><em>Con\u00e7u pour auto, camion, moto etc.<\/em><\/li>\n<li><em>Dimensions produit, hauteur : 15 mm<\/em><\/li>\n<li><em>Dimensions produit, largeur : 40 mm<\/em><\/li>\n<li><em>Dimensions produit, longueur : 140 mm<\/em><\/li>\n<li><em>Gamme de mesure (pression de l&#8217;air) : 0 jusqu&#8217; \u00e0 10 bar<\/em><\/li>\n<\/ul>\n<p><em>Mod\u00e8le : Pression atmosph\u00e9rique<\/em><\/p>\n","protected":false},"featured_media":871125299981,"template":"","meta":[],"product_brand":[],"product_cat":[86,108,107],"product_tag":[101,110,104],"class_list":{"0":"post-871125299980","1":"product","2":"type-product","3":"status-publish","4":"has-post-thumbnail","6":"product_cat-accessories","7":"product_cat-non-classe","8":"product_cat-uncategorized","9":"product_tag-3pp","10":"product_tag-dunlop","11":"product_tag-promo","12":"product_shipping_class-gls-only","14":"first","15":"instock","16":"sale","17":"taxable","18":"shipping-taxable","19":"purchasable","20":"product-type-simple"},"_links":{"self":[{"href":"https:\/\/inforad.net\/index.php?rest_route=\/wp\/v2\/product\/871125299980","targetHints":{"allow":["GET"]}}],"collection":[{"href":"https:\/\/inforad.net\/index.php?rest_route=\/wp\/v2\/product"}],"about":[{"href":"https:\/\/inforad.net\/index.php?rest_route=\/wp\/v2\/types\/product"}],"wp:featuredmedia":[{"embeddable":true,"href":"https:\/\/inforad.net\/index.php?rest_route=\/wp\/v2\/media\/871125299981"}],"wp:attachment":[{"href":"https:\/\/inforad.net\/index.php?rest_route=%2Fwp%2Fv2%2Fmedia&parent=871125299980"}],"wp:term":[{"taxonomy":"product_brand","embeddable":true,"href":"https:\/\/inforad.net\/index.php?rest_route=%2Fwp%2Fv2%2Fproduct_brand&post=871125299980"},{"taxonomy":"product_cat","embeddable":true,"href":"https:\/\/inforad.net\/index.php?rest_route=%2Fwp%2Fv2%2Fproduct_cat&post=871125299980"},{"taxonomy":"product_tag","embeddable":true,"href":"https:\/\/inforad.net\/index.php?rest_route=%2Fwp%2Fv2%2Fproduct_tag&post=871125299980"}],"curies":[{"name":"wp","href":"https:\/\/api.w.org\/{rel}","templated":true}]}}