{"id":871125300212,"date":"2018-06-30T12:31:01","date_gmt":"2018-06-30T10:31:01","guid":{"rendered":"https:\/\/inforad.net\/produit\/sunshade-metallic-white\/"},"modified":"2023-11-23T18:14:59","modified_gmt":"2023-11-23T17:14:59","slug":"sunshade-metallic-white","status":"publish","type":"product","link":"https:\/\/inforad.net\/?product=sunshade-metallic-white","title":{"rendered":"Pare-soleil m\u00e9tallique de DUNLOP"},"content":{"rendered":"<p><span id=\"result_box\" class=\"\" lang=\"fr\"><span class=\"\">Pare-soleil m\u00e9tallique, refl\u00e8te le soleil 100%<\/span><\/span><\/p>\n<p>Taille: 130cm x 60cm<\/p>\n<p>Comprend 2 supports d&#8217;aspiration<\/p>\n<p><span class=\"\">Mat\u00e9riel: Devant r\u00e9fl\u00e9chissant argent\u00e9 avec support en mousse<\/span><span id=\"result_box\" class=\"\" lang=\"fr\"><span class=\"\">Pare-soleil m\u00e9tallique, refl\u00e8te le soleil 100%<\/span><\/span><\/p>\n<p>Taille: 130cm x 60cm<\/p>\n<p>Comprend 2 supports d&#8217;aspiration<\/p>\n<p><span class=\"\">Mat\u00e9riel: Devant r\u00e9fl\u00e9chissant argent\u00e9 avec support en mousse.<\/span><\/p>\n<p><span class=\"\"><\/span><\/p>","protected":false},"excerpt":{"rendered":"<p><span id=\"result_box\" class=\"\" lang=\"fr\"><span class=\"\">Pare-soleil m\u00e9tallique, refl\u00e8te le soleil 100%<\/span><\/span><\/p>\n<p>Taille: 130cm x 60cm<\/p>\n<p>Comprend 2 supports d&#8217;aspiration<\/p>\n<p><span class=\"\">Mat\u00e9riel: Devant r\u00e9fl\u00e9chissant argent\u00e9 avec support en mousse<\/span><span id=\"result_box\" class=\"\" lang=\"fr\"><span class=\"\">Pare-soleil m\u00e9tallique, refl\u00e8te le soleil 100%<\/span><\/span><\/p>\n<p>Taille: 130cm x 60cm<\/p>\n<p>Comprend 2 supports d&#8217;aspiration<\/p>\n<p><span class=\"\">Mat\u00e9riel: Devant r\u00e9fl\u00e9chissant argent\u00e9 avec support en mousse.<\/span><\/p>\n<p><span class=\"\"><\/span><\/p>\n","protected":false},"featured_media":871125300239,"template":"","meta":[],"product_brand":[],"product_cat":[108],"product_tag":[156,101,110,104],"class_list":{"0":"post-871125300212","1":"product","2":"type-product","3":"status-publish","4":"has-post-thumbnail","6":"product_cat-non-classe","7":"product_tag-entretien-de-la-voiture-nettoyage","8":"product_tag-3pp","9":"product_tag-dunlop","10":"product_tag-promo","11":"product_shipping_class-gls-only","13":"first","14":"instock","15":"sale","16":"taxable","17":"shipping-taxable","18":"purchasable","19":"product-type-simple"},"_links":{"self":[{"href":"https:\/\/inforad.net\/index.php?rest_route=\/wp\/v2\/product\/871125300212","targetHints":{"allow":["GET"]}}],"collection":[{"href":"https:\/\/inforad.net\/index.php?rest_route=\/wp\/v2\/product"}],"about":[{"href":"https:\/\/inforad.net\/index.php?rest_route=\/wp\/v2\/types\/product"}],"wp:featuredmedia":[{"embeddable":true,"href":"https:\/\/inforad.net\/index.php?rest_route=\/wp\/v2\/media\/871125300239"}],"wp:attachment":[{"href":"https:\/\/inforad.net\/index.php?rest_route=%2Fwp%2Fv2%2Fmedia&parent=871125300212"}],"wp:term":[{"taxonomy":"product_brand","embeddable":true,"href":"https:\/\/inforad.net\/index.php?rest_route=%2Fwp%2Fv2%2Fproduct_brand&post=871125300212"},{"taxonomy":"product_cat","embeddable":true,"href":"https:\/\/inforad.net\/index.php?rest_route=%2Fwp%2Fv2%2Fproduct_cat&post=871125300212"},{"taxonomy":"product_tag","embeddable":true,"href":"https:\/\/inforad.net\/index.php?rest_route=%2Fwp%2Fv2%2Fproduct_tag&post=871125300212"}],"curies":[{"name":"wp","href":"https:\/\/api.w.org\/{rel}","templated":true}]}}