{"id":871125304706,"date":"2019-08-24T13:50:52","date_gmt":"2019-08-24T11:50:52","guid":{"rendered":"https:\/\/inforad.net\/?post_type=product&#038;p=871125304706"},"modified":"2026-02-20T15:41:14","modified_gmt":"2026-02-20T14:41:14","slug":"systeme-de-compression-dair-en-metal-12v-de-dunlop","status":"publish","type":"product","link":"https:\/\/inforad.net\/?product=systeme-de-compression-dair-en-metal-12v-de-dunlop","title":{"rendered":"Syst\u00e8me de compression d&#8217;air en m\u00e9tal &#8211; 12V de DUNLOP"},"content":{"rendered":"<p>Tension d&#8217;alimentation de 12 V de votre v\u00e9hicule (allume-cigare)<br \/>\nGonfle un pneu de voiture en 3 minutes env.<br \/>\nManom\u00e8tre pour permettre une lecture facile et pr\u00e9cise de la pression<br \/>\nPression de service maximale\u202f: 100 psi<br \/>\nTuyau d&#8217;air spiral\u00e9\u202f: 1.5 m avec valve \u00e0 vis sur le connecteur<\/p>\n<p><\/p>","protected":false},"excerpt":{"rendered":"<p>Tension d&#8217;alimentation de 12 V de votre v\u00e9hicule (allume-cigare)<br \/>\nGonfle un pneu de voiture en 3 minutes env.<br \/>\nManom\u00e8tre pour permettre une lecture facile et pr\u00e9cise de la pression<br \/>\nPression de service maximale\u202f: 100 psi<br \/>\nTuyau d&#8217;air spiral\u00e9\u202f: 1.5 m avec valve \u00e0 vis sur le connecteur<\/p>\n","protected":false},"featured_media":871125310756,"template":"","meta":[],"product_brand":[],"product_cat":[108],"product_tag":[101,110,104,137],"class_list":{"0":"post-871125304706","1":"product","2":"type-product","3":"status-publish","4":"has-post-thumbnail","6":"product_cat-non-classe","7":"product_tag-3pp","8":"product_tag-dunlop","9":"product_tag-promo","10":"product_tag-car-cleaning","11":"product_shipping_class-gls-only","13":"first","14":"instock","15":"sale","16":"taxable","17":"shipping-taxable","18":"purchasable","19":"product-type-simple"},"_links":{"self":[{"href":"https:\/\/inforad.net\/index.php?rest_route=\/wp\/v2\/product\/871125304706","targetHints":{"allow":["GET"]}}],"collection":[{"href":"https:\/\/inforad.net\/index.php?rest_route=\/wp\/v2\/product"}],"about":[{"href":"https:\/\/inforad.net\/index.php?rest_route=\/wp\/v2\/types\/product"}],"wp:featuredmedia":[{"embeddable":true,"href":"https:\/\/inforad.net\/index.php?rest_route=\/wp\/v2\/media\/871125310756"}],"wp:attachment":[{"href":"https:\/\/inforad.net\/index.php?rest_route=%2Fwp%2Fv2%2Fmedia&parent=871125304706"}],"wp:term":[{"taxonomy":"product_brand","embeddable":true,"href":"https:\/\/inforad.net\/index.php?rest_route=%2Fwp%2Fv2%2Fproduct_brand&post=871125304706"},{"taxonomy":"product_cat","embeddable":true,"href":"https:\/\/inforad.net\/index.php?rest_route=%2Fwp%2Fv2%2Fproduct_cat&post=871125304706"},{"taxonomy":"product_tag","embeddable":true,"href":"https:\/\/inforad.net\/index.php?rest_route=%2Fwp%2Fv2%2Fproduct_tag&post=871125304706"}],"curies":[{"name":"wp","href":"https:\/\/api.w.org\/{rel}","templated":true}]}}