{"id":871125306201,"date":"2020-03-20T16:41:14","date_gmt":"2020-03-20T15:41:14","guid":{"rendered":"https:\/\/inforad.net\/?post_type=product&#038;p=871125306201"},"modified":"2024-10-20T20:50:27","modified_gmt":"2024-10-20T18:50:27","slug":"masques-faciaux-masque-facial-de-protection-3-plis-a-usage-unique-quantite-de-paquets-5-10-20-50-100","status":"publish","type":"product","link":"https:\/\/inforad.net\/?product=masques-faciaux-masque-facial-de-protection-3-plis-a-usage-unique-quantite-de-paquets-5-10-20-50-100","title":{"rendered":"Masques faciaux &#8211; Masque facial de protection 3 plis &#8211; A usage unique &#8211; Quantit\u00e9 par paquet : 50"},"content":{"rendered":"<p><\/p>\n<ul>\n<li>Les meilleurs masques jetables sont l\u00e0 pour vous<\/li>\n<li>Les masques filtrants aident \u00e0 r\u00e9duire les virus et les bact\u00e9ries qui propagent la grippe et emp\u00eachent vos amis, votre famille et d&#8217;autres personnes de s&#8217;enrhumer.<\/li>\n<li>Le produit utilise des tissus non tiss\u00e9s \u00e0 usage unique.<\/li>\n<li>Il est \u00e9tanche \u00e0 la poussi\u00e8re, respirant, hypoallerg\u00e9nique et st\u00e9rile.<\/li>\n<li>Ils bloquent la poussi\u00e8re et les micro-organismes sans provoquer de stress ou de r\u00e9actions anaphylactiques durables.<\/li>\n<li>Tissu lisse, pratique, s\u00fbr et sain.<\/li>\n<\/ul>\n<p><\/p>","protected":false},"excerpt":{"rendered":"<p>Sp\u00e9cification :<br \/>\nType d&#8217;article : Masques<br \/>\nFonction : Personnel<br \/>\nMat\u00e9riau : tissu non tiss\u00e9<br \/>\nTaille : environ 9,5 * 17,5 cm<br \/>\nQuantit\u00e9 : 50<\/p>\n<p><span style=\"color: #ff0000;\">NOTE IMPORTANTE : tirer les cordons trop loin sur les c\u00f4t\u00e9s en portant un masque peut \u00e9galement endommager le masque.<\/span><\/p>\n","protected":false},"featured_media":871125306215,"template":"","meta":[],"product_brand":[],"product_cat":[86,84,132,108,107],"product_tag":[156,101,110,104,158],"class_list":{"0":"post-871125306201","1":"product","2":"type-product","3":"status-publish","4":"has-post-thumbnail","6":"product_cat-accessories","7":"product_cat-speedcam-locators","8":"product_cat-hot","9":"product_cat-non-classe","10":"product_cat-uncategorized","11":"product_tag-entretien-de-la-voiture-nettoyage","12":"product_tag-3pp","13":"product_tag-dunlop","14":"product_tag-promo","15":"product_tag-voiture-nettoyage","17":"first","18":"instock","19":"sale","20":"taxable","21":"shipping-taxable","22":"purchasable","23":"product-type-simple"},"_links":{"self":[{"href":"https:\/\/inforad.net\/index.php?rest_route=\/wp\/v2\/product\/871125306201","targetHints":{"allow":["GET"]}}],"collection":[{"href":"https:\/\/inforad.net\/index.php?rest_route=\/wp\/v2\/product"}],"about":[{"href":"https:\/\/inforad.net\/index.php?rest_route=\/wp\/v2\/types\/product"}],"wp:featuredmedia":[{"embeddable":true,"href":"https:\/\/inforad.net\/index.php?rest_route=\/wp\/v2\/media\/871125306215"}],"wp:attachment":[{"href":"https:\/\/inforad.net\/index.php?rest_route=%2Fwp%2Fv2%2Fmedia&parent=871125306201"}],"wp:term":[{"taxonomy":"product_brand","embeddable":true,"href":"https:\/\/inforad.net\/index.php?rest_route=%2Fwp%2Fv2%2Fproduct_brand&post=871125306201"},{"taxonomy":"product_cat","embeddable":true,"href":"https:\/\/inforad.net\/index.php?rest_route=%2Fwp%2Fv2%2Fproduct_cat&post=871125306201"},{"taxonomy":"product_tag","embeddable":true,"href":"https:\/\/inforad.net\/index.php?rest_route=%2Fwp%2Fv2%2Fproduct_tag&post=871125306201"}],"curies":[{"name":"wp","href":"https:\/\/api.w.org\/{rel}","templated":true}]}}