{"id":871125311111,"date":"2025-07-25T11:43:52","date_gmt":"2025-07-25T09:43:52","guid":{"rendered":"https:\/\/inforad.net\/?post_type=product&#038;p=871125311111"},"modified":"2025-07-25T11:43:53","modified_gmt":"2025-07-25T09:43:53","slug":"dunlop-selle-vtt-velo-de-course-unisex-noir-adulte-29x17x7cm","status":"publish","type":"product","link":"https:\/\/inforad.net\/?product=dunlop-selle-vtt-velo-de-course-unisex-noir-adulte-29x17x7cm","title":{"rendered":"Dunlop Selle VTT\/V\u00e9lo de course Unisex Noir Adulte 29x17x7cm"},"content":{"rendered":"<p>Selle Dunlop VTT\/V\u00e9lo de course unisexe noire 27 x 17 cm avec une d\u00e9coupe de la zone de confort.<\/p>\n<p>Cette selle de course de Dunlop est un must pour tout cycliste ! La selle est adapt\u00e9e aux v\u00e9los de montagne, aux v\u00e9los de course et offre un grand confort.<\/p>\n<p>Sp\u00e9cifications :<\/p>\n<ul>\n<li>Couleur : noir<\/li>\n<li>Sexe : unisexe<\/li>\n<li>Mat\u00e9riau sup\u00e9rieur : polyur\u00e9thane<\/li>\n<li>Mat\u00e9riau des rails : acier<\/li>\n<li>Longueur : 27 cm<\/li>\n<li>Largeur : 17 cm<\/li>\n<li>Poids : 500 grammes<\/li>\n<li>Convient pour un v\u00e9lo de montagne ou un v\u00e9lo de course.<\/li>\n<\/ul>\n<p><\/p>","protected":false},"excerpt":{"rendered":"<ul>\n<li>Dimensions : Longueur 27cm \/ Largeur 17cm (Environ)<\/li>\n<li>Rembourrage : \u00c9ponge<\/li>\n<li>Mat\u00e9riel : Faux cuir<\/li>\n<li>Couleur : Noir, Blanc<\/li>\n<li>Le genre : Unisexe<\/li>\n<\/ul>\n","protected":false},"featured_media":871125311112,"template":"","meta":[],"product_brand":[],"product_cat":[108],"product_tag":[157,104],"class_list":{"0":"post-871125311111","1":"product","2":"type-product","3":"status-publish","4":"has-post-thumbnail","6":"product_cat-non-classe","7":"product_tag-accessoires-velo","8":"product_tag-promo","9":"product_shipping_class-gls-only","11":"first","12":"instock","13":"sale","14":"taxable","15":"shipping-taxable","16":"purchasable","17":"product-type-simple"},"_links":{"self":[{"href":"https:\/\/inforad.net\/index.php?rest_route=\/wp\/v2\/product\/871125311111","targetHints":{"allow":["GET"]}}],"collection":[{"href":"https:\/\/inforad.net\/index.php?rest_route=\/wp\/v2\/product"}],"about":[{"href":"https:\/\/inforad.net\/index.php?rest_route=\/wp\/v2\/types\/product"}],"wp:featuredmedia":[{"embeddable":true,"href":"https:\/\/inforad.net\/index.php?rest_route=\/wp\/v2\/media\/871125311112"}],"wp:attachment":[{"href":"https:\/\/inforad.net\/index.php?rest_route=%2Fwp%2Fv2%2Fmedia&parent=871125311111"}],"wp:term":[{"taxonomy":"product_brand","embeddable":true,"href":"https:\/\/inforad.net\/index.php?rest_route=%2Fwp%2Fv2%2Fproduct_brand&post=871125311111"},{"taxonomy":"product_cat","embeddable":true,"href":"https:\/\/inforad.net\/index.php?rest_route=%2Fwp%2Fv2%2Fproduct_cat&post=871125311111"},{"taxonomy":"product_tag","embeddable":true,"href":"https:\/\/inforad.net\/index.php?rest_route=%2Fwp%2Fv2%2Fproduct_tag&post=871125311111"}],"curies":[{"name":"wp","href":"https:\/\/api.w.org\/{rel}","templated":true}]}}